k = -3*b + 907. List the prime factors of k.
2, 461
Let z(q) = -q**2 + 11*q - 1. Let u be z(9). Let v = 51 - u. Suppose v = 2*g - g. What are the prime factors of g?
2, 17
Suppose -v + 8 = r, -3*v + 9 = -0*v. Suppose 2*n - r*n - 24 = 0. Let m(a) = -5*a - 9. What are the prime factors of m(n)?
31
Let a(u) = -u**2 - u + 4. Let z be a(-3). Let s be (-8)/14*(-105)/(-30). What are the prime factors of 20/2 + s/z?
11
What are the prime factors of ((-518)/(-5))/(1/40)?
2, 7, 37
Let j = -6 - -9. Suppose -2*f - 13 = -j*f. Suppose f = 2*u - 21. What are the prime factors of u?
17
Suppose -c - 5*p - 41 = -0*c, 5*p = 5*c + 355. List the prime factors of (7 + 5)/((-9)/c).
2, 11
Suppose 0 = -84*c + 100814 + 372358. List the prime factors of c.
43, 131
Let m = 6 - 3. Suppose a = -4*a - 3*s + 432, m*a - 248 = s. Suppose -y - 4*y = -f + 28, 3*f = 4*y + a. List the prime factors of f.
2, 7
Let l(f) = -3*f + 2. Let v be l(2). Let t be (-3)/v + 40/32. What are the prime factors of -3 + 34 + (4 - t)?
3, 11
List the prime factors of (-2)/((-52)/65*10/932).
233
Let k be (-2)/(-10) - (-1437)/15. Suppose 0 = -2*f + 4*s + 87 - 21, -3*f + 4*s = -107. Let g = k - f. What are the prime factors of g?
5, 11
List the prime factors of 4*(-12)/112 - 3411/(-21).
2, 3
Suppose 5*t - 6 = 9. Let x = 721 - 670. Suppose -l - t = -x. What are the prime factors of l?
2, 3
Suppose -15 = 4*o + 3*q + 11, -4*q = 2*o + 8. Let b = -10 - o. List the prime factors of (-8)/(-6)*(-3)/b.
2
Suppose 0 = 3*u - 989 - 568. What are the prime factors of u?
3, 173
Suppose 0 = 9*r - 2585 - 1330. What are the prime factors of r?
3, 5, 29
Let w(p) = 32*p - 253. List the prime factors of w(26).
3, 193
Suppose -3*b + 1260 = i, -3*i = 5*b - b - 3765. List the prime factors of i.
3, 139
Let m = -18 - -13. Suppose 0*v - 10 = 2*v, -3*v + 21 = 4*s. Let h = m + s. List the prime factors of h.
2
Let q(n) be the second derivative of 0 - 5*n - 11/2*n**2 - 1/12*n**4 + 11/6*n**3. List the prime factors of q(8).
13
Suppose 18*u + 13*u = 89900. What are the prime factors of u?
2, 5, 29
Let r = -1 + 5. Let i be (r/5)/(6/15). Suppose -i*b = 9 - 33. List the prime factors of b.
2, 3
Let d = -581 - -1924. List the prime factors of d.
17, 79
Suppose 0 = 2*m - m - 2. Suppose 262 = -4*r - m*h, 0 = -h + 3*h + 6. Let f = r - -90. What are the prime factors of f?
2, 13
Let t(s) be the second derivative of 107*s**5/10 + s**4/12 + s**3/6 - s**2/2 - 13*s. What are the prime factors of t(1)?
5, 43
Suppose -5*w = -4*w - 78. Let z be (-672)/(-40)*10/3. Let f = w - z. What are the prime factors of f?
2, 11
Let v = -4 - -8. Let r(p) = -1 + v*p**2 - 5*p**2 - 11 + 11*p. List the prime factors of r(9).
2, 3
Suppose 37 - 16 = 7*n. Suppose 5*m + w - 45 - 146 = 0, 5*w = -4*m + 136. Suppose q - m = -n. What are the prime factors of q?
2, 3
Suppose 3214 = 10*j - 7016. List the prime factors of j.
3, 11, 31
Let n(m) = 28*m + 25. Let u be n(-3). Let k = 67 + u. What are the prime factors of k?
2
Let i be ((-2)/8)/((-2)/(-8)). Suppose 2*h + 4*o = 5*o + 37, 3 = 3*o. Let u = i + h. List the prime factors of u.
2, 3
Let d = -456 + 1594. What are the prime factors of d?
2, 569
Let p(m) = 5*m**3 + 4*m**2 - 16*m + 27. What are the prime factors of p(6)?
3, 5, 7, 11
Suppose -x = -2 - 223. Suppose 8*b - 601 = -x. List the prime factors of b.
47
Suppose 16*m - 37 = 11. Suppose -b = -3*s + m*b + 200, 0 = 2*s + 3*b - 156. List the prime factors of s.
2, 3
Let z = 1154 - -969. List the prime factors of z.
11, 193
Let n be 124 + -3 + 4 - 2. Suppose 3*h = 2*a - n, 5*a - 3 - 247 = -4*h. List the prime factors of a.
2, 3
Let d = 11 - -34. Suppose 6*p = p + d. Let l = p - -10. What are the prime factors of l?
19
Let i = -15 + 19. Let m be ((-36)/i + 3)/(-2). Suppose 0 = -m*l + 27 + 51. List the prime factors of l.
2, 13
Let l(n) = -4*n**3 + n**2 - 32*n - 3. What are the prime factors of l(-6)?
3, 11
Let r = -626 + 704. Let f(k) = 23*k + 1. Let l be f(2). Let q = r - l. List the prime factors of q.
31
Suppose -9*g + 120 = 30. Suppose 2*n - 8 + 1 = p, 5*n - 5*p = g. What are the prime factors of n?
5
Suppose -4*s - 29 = 3*g, 0 = 3*g + g - 4*s + 20. Let j = -1 - g. What are the prime factors of 54/3 - (-6)/j?
19
Let v(d) = 2*d**2 + 16*d + 18. Let s be v(-12). Suppose -s = -4*g - 6. Suppose -2*i - 26 = -2*l, 2*l + 1 = 4*i + g. List the prime factors of l.
13
Suppose 0*l - 5*l + 3*j = -1552, -316 = -l + 2*j. Suppose -l = -0*f - 4*f. List the prime factors of f.
7, 11
Let n be (-45)/(-6)*(-4)/(-5). Suppose -970 = -n*s + 140. What are the prime factors of s?
5, 37
Let v = 1018 - 719. What are the prime factors of v?
13, 23
Suppose s + s = 2*j - 18, j = 2*s + 13. Suppose -114 = -j*c + 246. List the prime factors of c.
2, 3
Suppose -224 + 29 = -5*q. Suppose -3*x - q = -387. Suppose 4*v - 3*w = 2*v + x, -3*w = 3*v - 144. What are the prime factors of v?
2, 13
Let c = 30 + -24. Suppose c*l - 410 = l. List the prime factors of l.
2, 41
Let p(z) = -2*z**3 - 2*z**2 + z - 1. Let b be p(-2). Suppose 5*g - 56 = 3*d, 0 = b*g + 3*d - 10 - 34. What are the prime factors of 4/(-10) - (-444)/g?
2, 11
Let r(n) = -3 + n + 7*n - 3*n - 3*n. Suppose -5*a + 35 = -l, 0 = 2*a + 3*a + 5*l - 65. What are the prime factors of r(a)?
13
Suppose 216 = 3*p - q - 334, 2*p = 2*q + 364. Let f = -105 + p. What are the prime factors of f?
79
Suppose 4*z = 4*h + 19 + 13, -2*h = 2*z + 4. Let d = 5 + z. Let s(w) = w. What are the prime factors of s(d)?
2
Let k = 3 - 0. Let x be 15*(k - (-52)/(-20)). List the prime factors of (-1 + 0)*(-168)/x.
2, 7
Let s = 1624 + -726. List the prime factors of s.
2, 449
Suppose -529 - 641 = -3*o. Suppose 0 = -8*p + 2*p + o. What are the prime factors of p?
5, 13
Suppose 0 = 2*j - 97 - 37. What are the prime factors of 4 + j + -3 + 5?
73
Let u = -14 - -1. Let a = 17 + u. Suppose -a*d = -100 - 28. What are the prime factors of d?
2
Let o be 1/(-2)*(6 + -10). Suppose -o*p + 7*p = 355. List the prime factors of p.
71
Let k = 2649 - 1790. What are the prime factors of k?
859
Suppose -5*t + 4130 - 210 = 0. Suppose -5*j = 3*j - t. What are the prime factors of j?
2, 7
Let q(b) = b**2 - 23*b - 20. Let a be q(24). Suppose 0 = 2*o - 5*c - 408, -2*o + 204 = -o - a*c. List the prime factors of o.
2, 3, 17
Suppose -8690 = -83*b + 72*b. List the prime factors of b.
2, 5, 79
What are the prime factors of (-55 + -2 - 0)*13601/(-201)?
7, 19, 29
Let f(o) = -11 - 3*o - 4*o + 4*o - 5. Let s be f(-6). Suppose -2*a - s*a = k - 19, a - 2*k + 2 = 0. List the prime factors of a.
2
Let g(a) = -a**3 + 3*a**2 + 21*a - 85. List the prime factors of g(-12).
1823
What are the prime factors of (-1260)/(-72)*(-248)/(-10)?
2, 7, 31
Let c be -1 - (-9)/(3 + 0). Suppose -7*n + c*n = -220. List the prime factors of n.
2, 11
Let p(l) = -8 + 7*l**3 + l - 2*l + 10. What are the prime factors of p(2)?
2, 7
Let g = 1829 - 860. List the prime factors of g.
3, 17, 19
Suppose -k + 3*q + 3 + 7 = 0, 0 = -5*k - 5*q + 30. Let r(b) = 6*b - 4. What are the prime factors of r(k)?
2, 19
Suppose 0 = -7*w + 4600 + 2799. What are the prime factors of w?
7, 151
Suppose -4*m + 2*g - 5*g - 117 = 0, -2*g = 6. Let i = 65 - m. List the prime factors of i.
2, 23
Let r be (-5)/(-2*5)*0. Suppose 2*c - 42 - 6 = r. What are the prime factors of (-44)/(-24) - (-4)/c?
2
Suppose -310 = 2*q - 1820. List the prime factors of q.
5, 151
Let g(x) = 19*x - 77. Let n(s) = 5*s - 19. Let a(v) = 6*g(v) - 22*n(v). What are the prime factors of a(20)?
2, 3
Suppose 2*w - 134 = -4*j, 0 = -2*j + 2*w + 18 + 40. Let v = 908 + -929. Let o = v + j. What are the prime factors of o?
11
Let z(u) = 2*u**2 + 11*u + 15. Let h be z(7). Suppose -5*n = -7*n + h. What are the prime factors of n?
5, 19
Suppose 4*c - 2*t = 612, -7*c + 768 = -2*c - t. What are the prime factors of c?
2, 7, 11
Suppose 20*y = 2*t + 17*y - 2772, 4*y = -4*t + 5524. List the prime factors of t.
3, 461
Let m = 681 - 46. List the prime factors of m.
5, 127
Let a(q) = -q**3 + q**2 - q + 8. Let o be a(0). Suppose -w - u = -1, -4*w + o*w + 1 = u. Let j(y) = -y**2 + 8. What are the prime factors of j(w)?
2
Let w = 733 - -62. What are the prime factors of w?
3, 5, 53
Suppose 5*t - 14 = l, 3*l + 2*t + 6 = 15. Let r be l/((-280)/(-93) - 3). Suppose -q + r = 2*q. What are the prime factors of q?
31
Supp